6*n. Let p be c(-6). Suppose -f = 2*y - 25, 5*f - 90 = p*f - 3*y. What is the highest common factor of f and 7?
7
Suppose 6*o = -7*o + 325. Suppose 3*g - 728 = -o*g. Calculate the highest common divisor of 182 and g.
26
Let q be -8*(26/10)/(56/(-1190)). What is the greatest common factor of q and 468?
26
Suppose 3*h - 6108 = -3*p, 16*h + 10176 = 5*p + 19*h. What is the greatest common factor of p and 18?
18
Suppose -140 = -5*f + 2*h, -3*h + 146 = 5*f - 19. Let v be (-18)/45 - 333*(-3)/(-15). Let p = -52 - v. What is the greatest common divisor of p and f?
15
Suppose 5*o - 6397 = -2*j, -5*j = 3*o - 5815 - 10187. Calculate the highest common factor of j and 97.
97
Let f = 51 - 26. Let j = f - 13. Let o be 776/j + (5/3)/5. What is the greatest common divisor of o and 26?
13
Let q(g) = -g**2 + 2 + 0*g + 18*g - 29*g. Let m be q(-9). Suppose m*v - 26*v = -2706. Calculate the greatest common divisor of 41 and v.
41
Suppose -4*i = -2*q - 23 - 21, -6 = 3*q. What is the greatest common divisor of i and 5910?
10
Let t = 279418 - 278932. Let m = 39 - 21. What is the highest common divisor of m and t?
18
Let i = -10 + 40. Suppose 119*y = 5*w + 123*y - 838, -2*y + 4 = 0. Suppose -136 = r - w. Calculate the greatest common factor of r and i.
30
Suppose 3*l = 91 + 59. Suppose 231 = -136*t + 169*t. Let s be t/3 + 2806/366. Calculate the greatest common factor of s and l.
10
Let p = 9831 + -2054. What is the highest common divisor of 505 and p?
101
Suppose -146 = -2*b - x, 4*b + 8*x = 10*x + 284. Suppose 7*l = 3*l + 132. Let v = b - l. What is the highest common factor of 26 and v?
13
Let f(c) = 174*c**2 - 178*c - 658. Let p be f(-4). Calculate the greatest common divisor of 330 and p.
66
Let k = -9 + 21. Let h = -26972 - -27002. Calculate the greatest common factor of k and h.
6
Let n(c) be the third derivative of -c**6/120 - c**5/15 + 5*c**4/24 - 7*c**3/6 - 68*c**2. Let v be n(-6). What is the highest common divisor of 7 and v?
7
Suppose -t + 1734 = -767. Let g = t + -4041. Let r be ((-2)/(-4))/((-5)/g). Calculate the greatest common divisor of r and 22.
22
Suppose 2*v = -30*v - 448. Let w be (48 + 3)/(15 + v). Calculate the highest common divisor of 3 and w.
3
Let u be (-3*584)/(27/(-63)). What is the greatest common factor of 56 and u?
56
Let g = -20147 + 20280. Calculate the highest common divisor of 4142 and g.
19
Let x(m) = 15*m + 14. Let q = 149 - 135. Let u be x(q). Calculate the highest common divisor of u and 28.
28
Let l be -1 - (3 - 4) - 0. Suppose 2*k - 2*q + 4 = l, 2 = -0*k + 3*k - q. Let x be 6/k - (-7)/((-7)/(-152)). Calculate the greatest common divisor of x and 62.
31
Let v = 51 + -1. Let f(d) = -4*d + 36. Let l be f(-41). What is the highest common factor of l and v?
50
Suppose -4*c + 1126 = 902. Let f be (2 - 3) + 1 - (-3640)/26. Calculate the highest common divisor of f and c.
28
Let z = 510 + -503. Let f = 147 - z. Calculate the greatest common factor of f and 40.
20
Let v be (-2)/10 - 2/(-10). Suppose q + 3 = v, -2*o - 4*q = 2*o - 36. Let z be (-48)/(-7)*((-8575)/50)/(-49). Calculate the highest common divisor of z and o.
12
Suppose 3*l - 1104 = -144. Let y = l + -262. What is the greatest common factor of y and 29?
29
Let x(n) = 2*n**2 + 15*n + 8. Let o be x(-8). Suppose 0 = o*f - 29*f + 260. What is the greatest common factor of 620 and f?
20
Let z = 1596 + -1464. Suppose 0*v + v = 12. Calculate the highest common divisor of z and v.
12
Let i = -136 - -132. Let t be (-10)/15*348/i. Calculate the highest common divisor of 290 and t.
58
Let k = -3846 - -3860. Calculate the greatest common divisor of k and 994.
14
Let s(i) = 8*i + 188. Let w be s(-24). Let b be (w/3)/(1/(-276)). What is the greatest common divisor of 23 and b?
23
Suppose 4*c = 3*r - 2765, -2*r + c = -4*r + 1825. Calculate the greatest common divisor of r and 390.
15
Let g be 258/5*25/(-4)*-2. Suppose -g*j + 643*j = -8. What is the greatest common factor of j and 36?
4
Let n = 12126 - 8158. What is the highest common factor of n and 31?
31
Suppose 7*y = -56 + 266. Let s be 0/(-4 + 1 + 5). Suppose s = -c - 8 + 14. Calculate the highest common factor of c and y.
6
Let t = -124 + 175. Let x = t + -43. Calculate the greatest common divisor of 8 and x.
8
Let u be (((-10672)/32)/(-23))/(2/12). What is the highest common divisor of 3219 and u?
87
Let s be ((-126)/(-28) - (2 - 5))*(2884 - -22). Calculate the greatest common factor of s and 30.
15
Suppose -3 = -2*g + 4*b - 9*b, -5*g + b = 33. Let r be (-2)/((g/(-88))/((-9)/6)). What is the highest common divisor of r and 308?
44
Let w = 14 - 39. Let n be (0 - 12)/((-120)/w + -5). What is the greatest common factor of n and 40?
20
Let m be -5033*(-188)/38 + (-3078)/29241. Calculate the greatest common factor of m and 75.
75
Suppose 3*u - 5*w - 49 = 2*u, 4*w = u - 49. Suppose -x = -4*a + u, 2*x + 2*x = -a - 9. Calculate the highest common factor of 77 and a.
11
Let z = -87 - -98. Suppose -8*f = -z*f + 9. Suppose f*r - 18 = 18. Calculate the greatest common divisor of r and 15.
3
Let l = -25 + 44. Let c(p) = 34 + 137 - 55*p - p**3 + 51*p. Let y be c(0). Calculate the highest common divisor of l and y.
19
Let y(u) = -u**2 - 35*u + 2. Let q be y(0). Let k be 164*((-49)/28 + q). Calculate the highest common factor of 1312 and k.
41
Let i(x) = -x**2 - 22*x - 14. Let w be i(-21). Suppose -2*o - 174 = -2*b, -5*o - 4*b + 0*b = 462. Let u = o + 139. What is the highest common factor of w and u?
7
Suppose 120*q - 123*q - 2 = 2*o, 8 = -q. Let y(m) = 9*m - 3. Let x = -2 + 6. Let g be y(x). Calculate the greatest common factor of o and g.
11
Let a be 2*(-4)/36 + 652/18. Let n(h) = -h + 291. Let m be n(0). Suppose 1191 - m = 5*j. What is the greatest common divisor of a and j?
36
Let j(a) be the first derivative of -a**4/2 - 23*a**3/3 + 9*a**2 + 37. Let y be j(-13). What is the highest common divisor of y and 21?
21
Let z(d) = -504*d + 19. Let l be z(1). Let m be (l + 1)/(9 - 11). What is the highest common factor of 2 and m?
2
Suppose 0 = 136*b - 130*b - 24. Suppose 22 = 2*l - b*w - 176, 3*l - 5*w = 300. Calculate the highest common divisor of l and 75.
15
Let d(p) = -2*p**2 - 43*p - 34. Let z be d(-20). Suppose z - 116 = -9*s. Calculate the highest common divisor of 95 and s.
5
Suppose 0 = -4*p - 3*s + 7*s + 148, 3*p = -4*s + 132. What is the highest common factor of 2020 and p?
20
Suppose -5*a - 358 + 868 = 0. Suppose -2*w = s - 14, -23*s - w - 20 = -27*s. What is the greatest common divisor of s and a?
6
Suppose 47*x = 43*x + 9280. Suppose -x = -14*y + 620. What is the highest common divisor of 84 and y?
42
Let w(f) = -f**3 - 6*f**2 - 20*f + 5. Let u be w(-9). Let x = u - 426. Calculate the highest common factor of 2 and x.
2
Suppose -4*j + 2*z + 114 = 0, 4*j + z = -3*z + 144. Let f(s) = -12*s + 931. Let l be f(75). Calculate the highest common divisor of j and l.
31
Let d = 9995 - 9170. What is the greatest common divisor of 66 and d?
33
Suppose 8*c - 26 = -42. Let y be (-13 - 196)/11*(c + 1). Calculate the greatest common divisor of 608 and y.
19
Let j(o) = o**3 + 7*o**2 + 3*o + 35. Suppose -535 = -4*k - 563. Let b be j(k). Calculate the greatest common factor of b and 21.
7
Let t(q) = -234*q + 459. Let c be t(-51). Calculate the highest common factor of 162 and c.
81
Let y(d) = 5*d**2 - 125*d - 118. Let v be y(26). What is the highest common factor of v and 732?
12
Let j be (4 - (1 + 4))*-59*1. Let w = -60 + j. Let a be 2/(((-38)/513)/(w/3)). Calculate the greatest common divisor of a and 45.
9
Suppose 3*g + 2*g + 45 = -b, 0 = b - 2*g + 66. Let n = b - -68. Suppose -26*f = -32*f + 384. What is the highest common factor of f and n?
8
Suppose 8 = 5*q - 2. Suppose -f = -4*v - 4, -3*v + 1 - 4 = 0. Let k be ((-1)/3)/(f + q/(-102)). What is the greatest common divisor of k and 119?
17
Let o = -28 + 32. Suppose 2*t = o*g + 34, -3*t - 2*g + 78 = t. What is the highest common factor of 152 and t?
19
Let f = 230 + 830. Calculate the greatest common divisor of 100 and f.
20
Let f(s) = 9*s**2 + 110*s - 447. Let g be f(-49). What is the highest common divisor of g and 4?
4
Let g(a) = -6*a**3 - 93*a**2 - 45*a + 30. Let j be g(-15). Suppose 5 + 7 = i. Let z be 1618/6 - (-4)/i. What is the greatest common divisor of j and z?
30
Let w = -717 + 1249. Su